and 30067?
281
Calculate the highest common factor of 900 and 1620.
180
What is the highest common factor of 37 and 98309?
37
Calculate the highest common divisor of 106 and 1802.
106
Calculate the highest common factor of 23036 and 52.
52
What is the greatest common divisor of 204 and 480?
12
What is the greatest common factor of 42 and 4354?
14
Calculate the greatest common factor of 42 and 546.
42
What is the greatest common factor of 8588 and 76?
76
What is the greatest common divisor of 850 and 250?
50
Calculate the highest common factor of 64 and 2.
2
What is the highest common divisor of 245 and 10?
5
What is the greatest common factor of 319 and 58?
29
What is the greatest common divisor of 8829 and 81?
81
What is the greatest common divisor of 61 and 1?
1
What is the greatest common divisor of 22 and 4?
2
Calculate the highest common divisor of 144 and 6.
6
Calculate the greatest common factor of 490 and 4214.
98
Calculate the highest common divisor of 111 and 481.
37
What is the highest common divisor of 1625 and 65?
65
Calculate the greatest common factor of 289 and 136.
17
What is the greatest common factor of 22842 and 705?
141
What is the greatest common divisor of 54 and 117?
9
What is the highest common factor of 3 and 975?
3
What is the greatest common factor of 7748 and 52?
52
Calculate the highest common divisor of 212 and 4.
4
What is the greatest common factor of 118 and 7139?
59
Calculate the highest common factor of 81 and 369.
9
Calculate the greatest common divisor of 275 and 990.
55
What is the highest common factor of 24 and 552?
24
Calculate the greatest common divisor of 156 and 48.
12
What is the highest common factor of 20 and 28?
4
What is the greatest common factor of 1100 and 800?
100
Calculate the highest common divisor of 84 and 10.
2
Calculate the greatest common divisor of 36 and 300.
12
What is the highest common divisor of 6568 and 8?
8
What is the highest common factor of 8 and 968?
8
Calculate the greatest common factor of 44 and 88.
44
Calculate the highest common divisor of 116 and 7018.
58
What is the highest common divisor of 85932 and 77?
77
What is the greatest common divisor of 714 and 630?
42
What is the greatest common factor of 92 and 184?
92
What is the greatest common factor of 612 and 252?
36
What is the greatest common factor of 40 and 680?
40
What is the greatest common divisor of 440 and 15895?
55
Calculate the highest common divisor of 39 and 793.
13
What is the highest common factor of 76 and 24966?
38
Calculate the greatest common factor of 530 and 20.
10
What is the highest common factor of 5350 and 50?
50
What is the highest common divisor of 26989 and 788?
197
Calculate the greatest common factor of 21 and 69.
3
Calculate the highest common divisor of 2060 and 40.
20
What is the highest common factor of 50 and 225?
25
Calculate the highest common divisor of 588 and 300.
12
What is the highest common divisor of 12169 and 43?
43
What is the highest common factor of 4 and 15?
1
Calculate the greatest common factor of 9 and 48.
3
Calculate the greatest common factor of 230 and 10.
10
What is the highest common factor of 9 and 141?
3
What is the greatest common factor of 1340 and 115?
5
What is the greatest common divisor of 270 and 576?
18
What is the highest common divisor of 1679 and 584?
73
What is the greatest common divisor of 1958 and 5518?
178
Calculate the greatest common divisor of 84 and 532.
28
Calculate the highest common divisor of 900 and 30.
30
What is the greatest common factor of 88 and 110?
22
What is the greatest common factor of 17 and 3825?
17
What is the greatest common factor of 132 and 3531?
33
What is the highest common factor of 702 and 156?
78
What is the highest common divisor of 791 and 565?
113
Calculate the greatest common divisor of 34 and 6.
2
What is the greatest common factor of 790 and 20?
10
Calculate the highest common factor of 232 and 80.
8
Calculate the highest common factor of 25 and 325.
25
What is the highest common factor of 51 and 243?
3
Calculate the highest common divisor of 627 and 66.
33
Calculate the highest common divisor of 5 and 110.
5
Calculate the greatest common divisor of 407 and 11.
11
What is the greatest common divisor of 21 and 30?
3
Calculate the greatest common factor of 19517 and 29.
29
Calculate the highest common divisor of 171 and 19.
19
Calculate the greatest common factor of 60 and 1665.
15
Calculate the greatest common divisor of 92 and 1035.
23
Calculate the highest common factor of 1943 and 29.
29
Calculate the greatest common divisor of 24 and 8.
8
Calculate the highest common divisor of 84 and 4557.
21
What is the highest common factor of 72 and 45?
9
Calculate the greatest common divisor of 60 and 276.
12
Calculate the greatest common factor of 5328 and 144.
144
What is the highest common factor of 24 and 30?
6
What is the greatest common divisor of 558 and 6882?
186
What is the greatest common factor of 23460 and 15?
15
Calculate the highest common factor of 540 and 160.
20
Calculate the highest common divisor of 267 and 3.
3
What is the greatest common factor of 16 and 162?
2
Calculate the greatest common divisor of 1276 and 44.
44
Calculate the greatest common factor of 322 and 207.
23
What is the greatest common factor of 420 and 9380?
140
What is the highest common factor of 3 and 21?
3
What is the greatest common divisor of 11211 and 37?
37
What is the greatest common factor of 37 and 1591?
37
What is the greatest common factor of 324 and 8?
4
What is the greatest common divisor of 21 and 1533?
21
Calculate the highest common factor of 993 and 6.
3
Calculate the highest common factor of 56 and 1316.
28
What is the greatest common factor of 4796 and 132?
44
Calculate the highest common divisor of 25591 and 326.
163
Calculate the highest common divisor of 32 and 340.
4
Calculate the highest common divisor of 165 and 255.
15
Calculate the greatest common factor of 832 and 78.
26
Calculate the highest common factor of 13910 and 390.
130
What is the greatest common factor of 10155 and 75?
15
Calculate the highest common divisor of 66 and 165.
33
Calculate the highest common factor of 14125 and 125.
125
Calculate the greatest common factor of 140 and 65.
5
Calculate the greatest common factor of 189 and 81.
27
Calculate the highest common factor of 3651 and 3.
3
Calculate the highest common factor of 33 and 2112.
33
Calculate the greatest common divisor of 595 and 2125.
85
What is the highest common divisor of 5913 and 405?
81
Calculate the highest common factor of 25 and 485.
5
What is the greatest common factor of 804 and 36?
12
What is the highest common divisor of 18 and 8?
2
What is the greatest common divisor of 14016 and 192?
192
What is the highest common factor of 28 and 700?
28
What is the highest common factor of 23 and 299?
23
What is the highest common factor of 3103 and 107?
107
Calculate the greatest common divisor of 1343 and 408.
17
What is the highest common factor of 23838 and 87?
87
Calculate the highest common factor of 414 and 46.
46
Calculate the highest common factor of 918 and 102.
102
What is the greatest common divisor of 243 and 6?
3
Calculate the highest common divisor of 2972 and 4.
4
Calculate the greatest common factor of 5 and 135.
5
What is the highest common factor of 720 and 6570?
90
What is the highest common factor of 1545 and 165?
15
Calculate the highest common factor of 333 and 63.
9
What is the highest common factor of 40 and 220?
20
What is the highest common factor of 1484 and 133?
7
Calculate the highest common factor of 253 and 46.
23
What is the greatest common factor of 1458 and 108?
54
What is the greatest common divisor of 50 and 1450?
50
What is the highest common factor of 938 and 7?
7
What is the highest common divisor of 344 and 32?
8
Calculate the highest common factor of 6559 and 7.
7
Calculate the highest common factor of 228 and 57.
57
What is the highest common factor of 6 and 24?
6
What is the highest common factor of 17 and 323?
17
Calculate the highest common factor of 145 and 115.
5
What is the greatest common factor of 664 and 16?
8
Calculate the greatest common factor of 74 and 666.
74
What is the greatest common factor of 52 and 26?
26
What